{"version":"1.0","provider_name":"Miri Tej","provider_url":"https:\/\/miritej.cafeblog.hu","author_name":"Miritej","author_url":"https:\/\/miritej.cafeblog.hu\/author\/miritej\/","title":"Melanoma r\u00e1kos sz\u00edn","html":"<h2>Melanoma r\u00e1kos sz\u00edn<\/h2>\n<p style=\"clear: both\"><img src=\"http:\/\/scarysymptoms.com\/wp-content\/uploads\/2015\/01\/Sourcedermnetandwebmd-1-300x204.jpg\" \/><\/p>\n<p>Ez a n\u00e9gy sz\u00edn csak a j\u00e9ghegy cs\u00facsa.<\/p>\n<p><strong>Seg\u00edt megismerni, milyen a leggyakoribb sz\u00ednek a leghal\u00e1losabb b\u0151rr\u00e1k, a melanoma.<\/strong><\/p>\n<p>Vannak-e olyan sz\u00ednek, amelyekkel a melanoma b\u0151rr\u00e1k \u00e1ltal\u00e1ban megjelenik? Ehhez a cikkhez konzult\u00e1ltam Dr. Glenn Kolansky, Board certifikus b\u0151rgy\u00f3gy\u00e1sz a Red Bank, NJ.<\/p>\n<p>Dr. Kolansky azt mondja: \"A melan\u00f3m\u00e1k \u00e1ltal\u00e1ban v\u00f6r\u00f6s, barna vagy fekete \u00e1rnyalatok. Azonban ezek egy sz\u00ednben lehetnek. \"<\/p>\n<p>A norm\u00e1lis moly, term\u00e9szetesen \u00e1ltal\u00e1ban barna vagy barn\u00e1s \u00e1rnyalat\u00fa. Val\u00f3j\u00e1ban a j\u00f3indulat\u00fa k\u00fap m\u00e9g fekete is lehet, vagy \u00fagy t\u0171nik, hogy fekete. A melan\u00f3ma b\u0151rr\u00e1k k\u00f6r\u00fclbel\u00fcl egyharmada egy m\u00e1r l\u00e9tez\u0151 m\u00f3l\u00f3b\u00f3l sz\u00e1rmazik.<\/p>\n<p>Ez\u00e9rt olyan kritikus, hogy nagyon ismer\u0151s legyen minden testre. Ez azt jelenti, hogy meg kell tal\u00e1lnia minden m\u00e9h\u00e9t.<\/p>\n<p>Lehet, hogy van valami a f\u00fcled m\u00f6g\u00f6tt vagy a hajsz\u00e1lod alatt, m\u00e9g a l\u00e1bujjai k\u00f6z\u00f6tt is.<\/p>\n<p>Ne csak keressen m\u00e9heket k\u00f6nny\u0171 megjelen\u00e9s\u0171 helysz\u00edneken. Vizsg\u00e1lja meg a b\u0151r minden ter\u00fclet\u00e9t, \u00e9s m\u00e9g valaki megvizsg\u00e1lja a fejb\u0151rt.<\/p>\n<p>Haszn\u00e1lja a t\u00fckr\u00f6ket, hogy ellen\u0151rizze a f\u00fcle m\u00f6g\u00f6tt, s\u0151t a f\u00fcl\u00f6n bel\u00fcl is. Ne felejtsd el a l\u00e1bak \u00e9s a szemh\u00e9jak alj\u00e1t.<\/p>\n<p><strong>Milyen m\u00e1s sz\u00ednekben lehet a melanoma b\u0151rr\u00e1k?<\/strong> Ez a gyilkos \u00e9vente k\u00f6zel 10 ezer amerikai lehet barna, barn\u00edt\u00f3, sz\u00fcrke, feh\u00e9r, vil\u00e1gos r\u00f3zsasz\u00edn, testsz\u00edn\u0171 \u00e9s k\u00e9k.<\/p>\n<p style=\"clear: both\"><img src=\"http:\/\/scarysymptoms.com\/wp-content\/uploads\/2013\/01\/blue-melanoma-300x225.jpg\" \/><\/p>\n<p>\"Gyakran a s\u00e9r\u00fcl\u00e9st csak biopszi\u00e1val lehet meg\u00edt\u00e9lni, \u00e9s mikroszk\u00f3p alatt vizsg\u00e1lni egy diagn\u00f3zishoz\" - mondja Dr. Kolansky. \"Ezt egy dermatopatol\u00f3gusnak kell elv\u00e9geznie.\"<\/p>\n<p>Ez a r\u00e1k nem felt\u00e9tlen\u00fcl jelenik meg v\u00e1ltoz\u00f3 sz\u00ednnel; n\u00f6vekedhet a m\u00e9retben, a text\u00fara v\u00e1ltoz\u00e1sa, a v\u00e9rz\u00e9s, a k\u00e9reg, emelkedik \u00e9s m\u00e9g viszket is.<\/p>\n<p><strong><em>Kapcsol\u00f3d\u00f3 tartalom a m\u00f3lokon:<\/em><\/strong><\/p>\n<h2>Melanoma b\u0151rr\u00e1k<\/h2>\n<p>A melanoma kev\u00e9sb\u00e9 gyakori, mint m\u00e1s t\u00edpus\u00fa b\u0151rr\u00e1k, de nagyobb val\u00f3sz\u00edn\u0171s\u00e9ggel n\u0151 \u00e9s terjed. Ha melanoma vagy k\u00f6zel \u00e1ll valakinek, aki tudja, hogy mit v\u00e1rhat, seg\u00edthet megbirk\u00f3zni vele. Itt mindent megtudhatsz a melanom\u00e1r\u00f3l, bele\u00e9rtve a kock\u00e1zati t\u00e9nyez\u0151ket, t\u00fcneteket, hogyan tal\u00e1lhat\u00f3k meg \u00e9s hogyan kezelik \u0151ket. <br \/><\/p>\n<h4>A melanoma b\u0151rr\u00e1kr\u00f3l<\/h4>\n<p>\u00c1ttekint\u00e9s a melanoma b\u0151rr\u00e1kr\u00f3l \u00e9s a legfrissebb kulcsstatisztik\u00e1k az Egyes\u00fclt \u00c1llamokban.<\/p>\n<h4>Okok, kock\u00e1zati t\u00e9nyez\u0151k \u00e9s megel\u0151z\u00e9s<\/h4>\n<p>Tudjon meg t\u00f6bbet a melanoma b\u0151rr\u00e1k kock\u00e1zati t\u00e9nyez\u0151ir\u0151l \u00e9s arr\u00f3l, hogy mit tehet a kock\u00e1zat cs\u00f6kkent\u00e9se \u00e9rdek\u00e9ben.<\/p>\n<h4>Korai felismer\u00e9s, diagnosztiz\u00e1l\u00e1s \u00e9s beavatkoz\u00e1s<\/h4>\n<p>Ismertesse a melanoma b\u0151rr\u00e1k jeleit \u00e9s t\u00fcneteit. Tudja meg, hogyan tesztelik, diagnosztiz\u00e1lj\u00e1k \u00e9s rendezik a melanoma b\u0151rr\u00e1kot.<\/p>\n<h4>Melanoma b\u0151rr\u00e1k kezel\u00e9se<\/h4>\n<p>Ha melanoma b\u0151rr\u00e1kkal szembes\u00fclsz, seg\u00edthet\u00fcnk \u00d6nnek a kezel\u00e9si lehet\u0151s\u00e9gek \u00e9s a lehets\u00e9ges mell\u00e9khat\u00e1sok megismer\u00e9s\u00e9ben, \u00e9s felh\u00edvhatunk r\u00e1juk vonatkoz\u00f3 inform\u00e1ci\u00f3kra \u00e9s szolg\u00e1ltat\u00e1sokra, amelyek seg\u00edtenek \u00d6nnek a r\u00e1kbetegs\u00e9gben.<\/p>\n<h4>Kezel\u00e9s ut\u00e1n<\/h4>\n<p>Tudjon meg t\u00f6bbet arr\u00f3l, hogy mik\u00e9nt \u00e9lhet j\u00f3l melanoma b\u0151rr\u00e1k kezel\u00e9s ut\u00e1n \u00e9s hozhat d\u00f6nt\u00e9seket a k\u00f6vetkez\u0151 l\u00e9p\u00e9sekr\u0151l.<\/p>\n","type":"rich"}

Melanoma rákos szín

<h2>Melanoma rákos szín</h2>
<p style="clear: both"><img src="http://scarysymptoms.com/wp-content/uploads/2015/01/Sourcedermnetandwebmd-1-300x204.jpg" /></p>
<p>Ez a négy szín csak a jéghegy csúcsa.</p>
<p><strong>Segít megismerni, milyen a leggyakoribb színek a leghalálosabb bőrrák, a melanoma.</strong></p>
<p>Vannak-e olyan színek, amelyekkel a melanoma bőrrák általában megjelenik? Ehhez a cikkhez konzultáltam Dr. Glenn Kolansky, Board certifikus bőrgyógyász a Red Bank, NJ.</p>
<p>Dr. Kolansky azt mondja: "A melanómák általában vörös, barna vagy fekete árnyalatok. Azonban ezek egy színben lehetnek. "</p>
<p>A normális moly, természetesen általában barna vagy barnás árnyalatú. Valójában a jóindulatú kúp még fekete is lehet, vagy úgy tűnik, hogy fekete. A melanóma bőrrák körülbelül egyharmada egy már létező mólóból származik.</p>
<p>Ezért olyan kritikus, hogy nagyon ismerős legyen minden testre. Ez azt jelenti, hogy meg kell találnia minden méhét.</p>
<p>Lehet, hogy van valami a füled mögött vagy a hajszálod alatt, még a lábujjai között is.</p>
<p>Ne csak keressen méheket könnyű megjelenésű helyszíneken. Vizsgálja meg a bőr minden területét, és még valaki megvizsgálja a fejbőrt.</p>
<p>Használja a tükröket, hogy ellenőrizze a füle mögött, sőt a fülön belül is. Ne felejtsd el a lábak és a szemhéjak alját.</p>
<p><strong>Milyen más színekben lehet a melanoma bőrrák?</strong> Ez a gyilkos évente közel 10 ezer amerikai lehet barna, barnító, szürke, fehér, világos rózsaszín, testszínű és kék.</p>
<p style="clear: both"><img src="http://scarysymptoms.com/wp-content/uploads/2013/01/blue-melanoma-300x225.jpg" /></p>
<p>"Gyakran a sérülést csak biopsziával lehet megítélni, és mikroszkóp alatt vizsgálni egy diagnózishoz" - mondja Dr. Kolansky. "Ezt egy dermatopatológusnak kell elvégeznie."</p>
<p>Ez a rák nem feltétlenül jelenik meg változó színnel; növekedhet a méretben, a textúra változása, a vérzés, a kéreg, emelkedik és még viszket is.</p>
<p><strong><em>Kapcsolódó tartalom a mólokon:</em></strong></p>
<h2>Melanoma bőrrák</h2>
<p>A melanoma kevésbé gyakori, mint más típusú bőrrák, de nagyobb valószínűséggel nő és terjed. Ha melanoma vagy közel áll valakinek, aki tudja, hogy mit várhat, segíthet megbirkózni vele. Itt mindent megtudhatsz a melanomáról, beleértve a kockázati tényezőket, tüneteket, hogyan találhatók meg és hogyan kezelik őket. <br /></p>
<h4>A melanoma bőrrákról</h4>
<p>Áttekintés a melanoma bőrrákról és a legfrissebb kulcsstatisztikák az Egyesült Államokban.</p>
<h4>Okok, kockázati tényezők és megelőzés</h4>
<p>Tudjon meg többet a melanoma bőrrák kockázati tényezőiről és arról, hogy mit tehet a kockázat csökkentése érdekében.</p>
<h4>Korai felismerés, diagnosztizálás és beavatkozás</h4>
<p>Ismertesse a melanoma bőrrák jeleit és tüneteit. Tudja meg, hogyan tesztelik, diagnosztizálják és rendezik a melanoma bőrrákot.</p>
<h4>Melanoma bőrrák kezelése</h4>
<p>Ha melanoma bőrrákkal szembesülsz, segíthetünk Önnek a kezelési lehetőségek és a lehetséges mellékhatások megismerésében, és felhívhatunk rájuk vonatkozó információkra és szolgáltatásokra, amelyek segítenek Önnek a rákbetegségben.</p>
<h4>Kezelés után</h4>
<p>Tudjon meg többet arról, hogy miként élhet jól melanoma bőrrák kezelés után és hozhat döntéseket a következő lépésekről.</p>
